{"id":789,"date":"2020-02-13T12:15:51","date_gmt":"2020-02-13T18:15:51","guid":{"rendered":"https:\/\/merseafood.com\/?page_id=789"},"modified":"2022-12-31T06:58:54","modified_gmt":"2022-12-31T12:58:54","slug":"contactanos","status":"publish","type":"page","link":"https:\/\/merseafood.com\/?page_id=789","title":{"rendered":"Cont\u00e1ctanos"},"content":{"rendered":"<p>[vc_row][vc_column width=\u00bb1\/2&#8243;][vc_single_image image=\u00bb1218&#8243; img_size=\u00bbfull\u00bb][vc_column_text]<\/p>\n<div align=\"justify\"><strong>Jessica Rivera\u00a0Rodr\u00edguez<\/strong> naci\u00f3 en la ciudad de Choluteca, Honduras y creci\u00f3 en la cuidad de Tegucigalpa. Jessica se gradu\u00f3 de la Estancia School y decidi\u00f3 continuar sus estudios en Relaciones Humanas y Mercadeo. Comenz\u00f3 la carrera en la Universidad de negocios de Concordia en Montreal, Canad\u00e1. Fue all\u00ed donde continuo sus estudios en Frances. En 2009 culmin\u00f3 sus estudios con una licenciatura en Relaciones Humanas y Marketing. Despu\u00e9s Jessica, se re establece en la ciudad de San Diego, California donde se convirti\u00f3 en Banquera de Negocios para Chase Bank, (JP. Morgan Chase &amp; Co.). El ser tri-lingue es crucial para su posici\u00f3n en el banco. Despues de unos a\u00f1os, Jessica formo parte del equipo en la camaronera Riveramar, donde su habilidad de marketing e idioma serian importante para la negociaci\u00f3n con compradores internacionales. Ella ha estado desempe\u00f1ando como Representante de Ventas Internacionales desde 2011 y contin\u00faa participando en distintos Seafood Trade Shows a nivel global.<\/div>\n<p>[\/vc_column_text][\/vc_column][vc_column width=\u00bb1\/2&#8243;][vc_column_text]<\/p>\n<h4><strong>Ventas<\/strong><\/h4>\n<p>Jessica Rivera<br \/>\nEmail: <a href=\"mailto:sales@merseafood.com\">sales@merseafood.com<\/a><br \/>\nPhone number: US +1(858) 8051146<br \/>\nAvailable on iMessage and WhatsApp<\/p>\n<h4><strong>Administraci\u00f3n<\/strong><\/h4>\n<p>Ram\u00f3n Moreno<br \/>\nEmail: <a href=\"mailto:administracion@merseafood.com\">administracion@merseafood.com<\/a><br \/>\nPhone number: \u00a0(+504) 9585-6844<\/p>\n<h4><strong>Producci\u00f3n<\/strong><\/h4>\n<p>Armando Palma<br \/>\nEmail: apalma@merseafood.com<br \/>\nPhone number: (+504) 9970-3824[\/vc_column_text][\/vc_column][\/vc_row][vc_row][vc_column]<div class=\"wpforms-container wpforms-container-full\" id=\"wpforms-1181\"><form id=\"wpforms-form-1181\" class=\"wpforms-validate wpforms-form wpforms-ajax-form\" data-formid=\"1181\" method=\"post\" enctype=\"multipart\/form-data\" action=\"\/index.php?rest_route=%2Fwp%2Fv2%2Fpages%2F789\" data-token=\"a3ba78dc1c55048b99a484c901265393\" data-token-time=\"1777567192\"><div class=\"wpforms-head-container\"><div class=\"wpforms-title\">Escr\u00edbenos mediante el formulario <\/div><\/div><noscript class=\"wpforms-error-noscript\">Por favor, activa JavaScript en tu navegador para completar este formulario.<\/noscript><div class=\"wpforms-field-container\"><div id=\"wpforms-1181-field_1-container\" class=\"wpforms-field wpforms-field-text\" data-field-id=\"1\"><label class=\"wpforms-field-label\" for=\"wpforms-1181-field_1\">Nombre <span class=\"wpforms-required-label\">*<\/span><\/label><input type=\"text\" id=\"wpforms-1181-field_1\" class=\"wpforms-field-medium wpforms-field-required\" name=\"wpforms[fields][1]\" required><\/div><div id=\"wpforms-1181-field_3-container\" class=\"wpforms-field wpforms-field-number\" data-field-id=\"3\"><label class=\"wpforms-field-label\" for=\"wpforms-1181-field_3\">Tel\u00e9fono <span class=\"wpforms-required-label\">*<\/span><\/label><input type=\"number\" id=\"wpforms-1181-field_3\" class=\"wpforms-field-medium wpforms-field-required\" name=\"wpforms[fields][3]\" step=\"any\" required><\/div><div id=\"wpforms-1181-field_5-container\" class=\"wpforms-field wpforms-field-email\" data-field-id=\"5\"><label class=\"wpforms-field-label\" for=\"wpforms-1181-field_5\">Correo electr\u00f3nico <span class=\"wpforms-required-label\">*<\/span><\/label><input type=\"email\" id=\"wpforms-1181-field_5\" class=\"wpforms-field-medium wpforms-field-required\" name=\"wpforms[fields][5]\" spellcheck=\"false\" required><\/div><div id=\"wpforms-1181-field_6-container\" class=\"wpforms-field wpforms-field-textarea\" data-field-id=\"6\"><label class=\"wpforms-field-label\" for=\"wpforms-1181-field_6\">Mensaje <span class=\"wpforms-required-label\">*<\/span><\/label><textarea id=\"wpforms-1181-field_6\" class=\"wpforms-field-medium wpforms-field-required\" name=\"wpforms[fields][6]\" required><\/textarea><\/div><\/div><!-- .wpforms-field-container --><div class=\"wpforms-submit-container\" ><input type=\"hidden\" name=\"wpforms[id]\" value=\"1181\"><input type=\"hidden\" name=\"page_title\" value=\"\"><input type=\"hidden\" name=\"page_url\" value=\"https:\/\/merseafood.com\/index.php?rest_route=\/wp\/v2\/pages\/789\"><input type=\"hidden\" name=\"url_referer\" value=\"\"><button type=\"submit\" name=\"wpforms[submit]\" id=\"wpforms-submit-1181\" class=\"wpforms-submit\" data-alt-text=\"Enviando...\" data-submit-text=\"Enviar\" aria-live=\"assertive\" value=\"wpforms-submit\">Enviar<\/button><img loading=\"lazy\" decoding=\"async\" src=\"https:\/\/merseafood.com\/wp-content\/plugins\/wpforms-lite\/assets\/images\/submit-spin.svg\" class=\"wpforms-submit-spinner\" style=\"display: none;\" width=\"26\" height=\"26\" alt=\"Cargando\"><\/div><\/form><\/div>  <!-- .wpforms-container -->[\/vc_column][\/vc_row]<\/p>\n","protected":false},"excerpt":{"rendered":"<p>[vc_row][vc_column width=\u00bb1\/2&#8243;][vc_single_image image=\u00bb1218&#8243; img_size=\u00bbfull\u00bb][vc_column_text] Jessica Rivera\u00a0Rodr\u00edguez naci\u00f3 en la ciudad de Choluteca, Honduras y creci\u00f3 en la cuidad de Tegucigalpa. Jessica se gradu\u00f3 de la Estancia School y decidi\u00f3 continuar sus estudios en Relaciones Humanas y Mercadeo. Comenz\u00f3 la carrera en la Universidad de negocios de Concordia en Montreal, Canad\u00e1. Fue all\u00ed donde continuo sus [&hellip;]<\/p>\n","protected":false},"author":1,"featured_media":0,"parent":0,"menu_order":0,"comment_status":"closed","ping_status":"closed","template":"","meta":{"footnotes":""},"class_list":["post-789","page","type-page","status-publish","hentry"],"_links":{"self":[{"href":"https:\/\/merseafood.com\/index.php?rest_route=\/wp\/v2\/pages\/789","targetHints":{"allow":["GET"]}}],"collection":[{"href":"https:\/\/merseafood.com\/index.php?rest_route=\/wp\/v2\/pages"}],"about":[{"href":"https:\/\/merseafood.com\/index.php?rest_route=\/wp\/v2\/types\/page"}],"author":[{"embeddable":true,"href":"https:\/\/merseafood.com\/index.php?rest_route=\/wp\/v2\/users\/1"}],"replies":[{"embeddable":true,"href":"https:\/\/merseafood.com\/index.php?rest_route=%2Fwp%2Fv2%2Fcomments&post=789"}],"version-history":[{"count":30,"href":"https:\/\/merseafood.com\/index.php?rest_route=\/wp\/v2\/pages\/789\/revisions"}],"predecessor-version":[{"id":1221,"href":"https:\/\/merseafood.com\/index.php?rest_route=\/wp\/v2\/pages\/789\/revisions\/1221"}],"wp:attachment":[{"href":"https:\/\/merseafood.com\/index.php?rest_route=%2Fwp%2Fv2%2Fmedia&parent=789"}],"curies":[{"name":"wp","href":"https:\/\/api.w.org\/{rel}","templated":true}]}}